3419?
1
What is the thousands digit of 804697?
4
What is the ten thousands digit of 623448?
2
What is the units digit of 670272?
2
What is the ten millions digit of 11297230?
1
What is the tens digit of 1823376?
7
What is the tens digit of 320051?
5
What is the hundreds digit of 1493752?
7
What is the hundreds digit of 1724?
7
What is the ten thousands digit of 274939?
7
What is the tens digit of 261877?
7
What is the units digit of 3782705?
5
What is the hundred thousands digit of 523487?
5
What is the ten thousands digit of 6674842?
7
What is the hundred thousands digit of 6210164?
2
What is the hundred thousands digit of 1284629?
2
What is the hundred thousands digit of 2045557?
0
What is the hundreds digit of 800118?
1
What is the ten thousands digit of 160923?
6
What is the tens digit of 9433002?
0
What is the thousands digit of 11527708?
7
What is the ten thousands digit of 4202739?
0
What is the thousands digit of 25661142?
1
What is the millions digit of 8899962?
8
What is the hundred thousands digit of 242469?
2
What is the ten thousands digit of 79232?
7
What is the tens digit of 852264?
6
What is the ten thousands digit of 124323?
2
What is the tens digit of 579928?
2
What is the hundred thousands digit of 635575?
6
What is the ten thousands digit of 23346881?
4
What is the ten thousands digit of 14889951?
8
What is the ten thousands digit of 442699?
4
What is the thousands digit of 108555?
8
What is the tens digit of 127069?
6
What is the thousands digit of 2961314?
1
What is the units digit of 2512422?
2
What is the units digit of 698504?
4
What is the ten thousands digit of 764773?
6
What is the thousands digit of 303388?
3
What is the thousands digit of 11657143?
7
What is the millions digit of 1407218?
1
What is the ten thousands digit of 16555891?
5
What is the ten thousands digit of 14921?
1
What is the ten thousands digit of 18808619?
0
What is the hundreds digit of 3396774?
7
What is the thousands digit of 247099?
7
What is the ten thousands digit of 365461?
6
What is the ten millions digit of 10266697?
1
What is the hundreds digit of 14096551?
5
What is the ten millions digit of 20014056?
2
What is the tens digit of 21412154?
5
What is the hundreds digit of 289368?
3
What is the thousands digit of 889042?
9
What is the millions digit of 21712323?
1
What is the thousands digit of 6897690?
7
What is the millions digit of 30555597?
0
What is the ten thousands digit of 22995177?
9
What is the millions digit of 2739187?
2
What is the units digit of 2294374?
4
What is the hundreds digit of 8346346?
3
What is the hundred thousands digit of 247842?
2
What is the ten thousands digit of 235919?
3
What is the hundreds digit of 747482?
4
What is the hundred thousands digit of 286021?
2
What is the units digit of 2531372?
2
What is the hundred thousands digit of 18344409?
3
What is the thousands digit of 890464?
0
What is the hundred thousands digit of 1827920?
8
What is the tens digit of 1216841?
4
What is the ten thousands digit of 1142646?
4
What is the tens digit of 260624?
2
What is the millions digit of 12784403?
2
What is the units digit of 492583?
3
What is the ten millions digit of 17698571?
1
What is the hundred thousands digit of 819464?
8
What is the thousands digit of 377366?
7
What is the hundred thousands digit of 155748?
1
What is the units digit of 1165271?
1
What is the hundred thousands digit of 452069?
4
What is the ten thousands digit of 1690307?
9
What is the hundreds digit of 1972361?
3
What is the ten thousands digit of 8647121?
4
What is the ten thousands digit of 11107840?
0
What is the hundred thousands digit of 381927?
3
What is the thousands digit of 11260333?
0
What is the units digit of 131402?
2
What is the ten thousands digit of 193663?
9
What is the tens digit of 152235?
3
What is the hundreds digit of 407941?
9
What is the ten millions digit of 13091838?
1
What is the tens digit of 509553?
5
What is the thousands digit of 598142?
8
What is the thousands digit of 252478?
2
What is the hundreds digit of 5547147?
1
What is the thousands digit of 1004621?
4
What is the ten thousands digit of 614793?
1
What is the millions digit of 2315714?
2
What is the hundred thousands digit of 4879474?
8
What is the hundred thousands digit of 438015?
4
What is the hundreds digit of 27294897?
8
What is the ten thousands digit of 269720?
6
What is the tens digit of 1383323?
2
What is the hundred thousands digit of 934596?
9
What is the ten millions digit of 11158542?
1
What is the hundreds digit of 5535511?
5
What is the hundred thousands digit of 1481295?
4
What is the hundred thousands digit of 4870181?
8
What is the millions digit of 1092078?
1
What is the millions digit of 1915431?
1
What is the tens digit of 479709?
0
What is the ten millions digit of 36467440?
3
What is the hundred thousands digit of 15635859?
6
What is the tens digit of 17228864?
6
What is the thousands digit of 1049866?
9
What is the units digit of 197480?
0
What is the tens digit of 18888763?
6
What is the hundred thousands digit of 13356642?
3
What is the ten thousands digit of 378427?
7
What is the ten thousands digit of 130890?
3
What is the thousands digit of 116415?
6
What is the millions digit of 1169798?
1
What is the ten thousands digit of 252898?
5
What is the ten thousands digit of 820962?
2
What is the hundreds digit of 1256959?
9
What is the units digit of 166911?
1
What is the thousands digit of 14699850?
9
What is the ten thousands digit of 1123378?
2
What is the thousands digit of 20196?
0
What is the units digit of 2029852?
2
What is the units digit of 3183203?
3
What is the tens digit of 1737111?
1
What is the ten thousands digit of 2377280?
7
What is the hundred thousands digit of 1813594?
8
What is the units digit of 906491?
1
What is the units digit of 46402?
2
What is the units digit of 3030181?
1
What is the hundreds digit of 240584?
5
What is the tens digit of 70341?
4
What is the hundred thousands digit of 2880466?
8
What is the tens digit of 27259710?
1
What is the thousands digit of 146095?
6
What is the hundreds digit of 9326?
3
What is the ten thousands digit of 2079628?
7
What is the thousands digit of 577521?
7
What is the ten thousands digit of 25496949?
9
What is the ten thousands digit of 1305635?
0
What is the tens digit of 1966148?
4
What is the units digit of 13634629?
9
What is the units digit of 67819?
9
What is the hundreds digit of 295035?
0
What is the tens digit of 10964575?
7
What is the thousands digit of 850472?
0
What is the ten thousands digit of 13319550?
1
What is the units digit of 582044?
4
What is the millions digit of 1937539?
1
What is the hundred thousands digit of 1231085?
2
What is the thousands digit of 21369429?
9
What is the tens digit of 195035?
3
What is the thousands digit of 5102735?
2
What is the units digit of 172267?
7
What is the ten thousands digit of 1121500?
2
What is the units digit of 429568?
8
What is the hundred thousands digit of 1155621?
1
What is the hundreds digit of 248124?
1
What is the tens digit of 17642515?
1
What is the hundred thousands digit of 2263074?
2
What is the thousands digit of 7296863?
6
What is the tens digit of 1315586?
8
What is the ten thousands digit of 59925?
5
What is the ten thousands digit of 2550609?
5
What is the millions digit of 3956392?
3
What is the thousands digit of 280855?
0
What is the tens digit of 1629626?
2
What is the units digit of 778257?
7
What is the hundred thousands digit of 680015?
6
What is the tens digit of 13983731?
3
What is the ten thousands digit of 998565?
9
What is the millions digit of 6902621?
6
What is the units digit of 16226220?
0
What is the tens digit of 895282?
8
What is the units digit of 3599804?
4
What is the hundred thousands digit of 578406?
5
What is the units digit of 258130?
0
What is the thousands digit of 259118?
9
What is the thousands digit of 253335?
3
What is the hundreds digit of 2216464?
4
What is the ten millions digit of 19781952?
1
What is the tens digit of 11128307?
0
What is the units digit of 392324?
4
What is the units digit of 68770?
0
What is the hundred thousands digit of 1701764?
7
What is the hundreds digit of 28557685?
6
What is the hundreds digit of 6796489?
4
What is the